{"id":372,"date":"2014-03-13T22:24:57","date_gmt":"2014-03-13T21:24:57","guid":{"rendered":"http:\/\/www.virtualementvotre.ch\/blog\/?page_id=372"},"modified":"2015-03-24T15:29:55","modified_gmt":"2015-03-24T14:29:55","slug":"tools","status":"publish","type":"page","link":"https:\/\/www.virtualementvotre.ch\/blog\/tools\/","title":{"rendered":"TOOLS"},"content":{"rendered":"<p>Bonjour,<\/p>\n<p>Voici un inventaire d&#8217;outils gratuits tr\u00e8s pratiques:<\/p>\n<p><strong>VMware:<\/strong><\/p>\n<p><span style=\"text-decoration: underline;\">VMware Converter<\/span><\/p>\n<p><a title=\"VMware Converter\" href=\"https:\/\/my.vmware.com\/web\/vmware\/evalcenter?p=converter\" target=\"_blank\">https:\/\/my.vmware.com\/web\/vmware\/evalcenter?p=converter<\/a><\/p>\n<div id=\"stcpDiv\" style=\"position: absolute; top: -1999px; left: -1988px;\">Download CPU Identification Utility<\/div>\n<p><a href=\"https:\/\/i0.wp.com\/www.virtualementvotre.ch\/blog\/wp-content\/uploads\/2014\/03\/converter.png\"><img data-recalc-dims=\"1\" loading=\"lazy\" decoding=\"async\" class=\"alignnone size-full wp-image-400\" src=\"https:\/\/i0.wp.com\/www.virtualementvotre.ch\/blog\/wp-content\/uploads\/2014\/03\/converter.png?resize=113%2C116\" alt=\"converter\" width=\"113\" height=\"116\" \/><\/a><\/p>\n<p><span style=\"text-decoration: underline;\">CPU Identification Utility<\/span><\/p>\n<p>Outil pratique pour connaitre la version de CPU de nos serveurs et les compatibilit\u00e9s.<\/p>\n<p><a title=\"CPU ID\" href=\"https:\/\/my.vmware.com\/web\/vmware\/details?productId=136&amp;downloadGroup=CPU%20Identification%20Utility\" target=\"_blank\">https:\/\/my.vmware.com\/web\/vmware\/details?productId=136&amp;downloadGroup=CPU%20Identification%20Utility<\/a><\/p>\n<p><span style=\"text-decoration: underline;\">Outils de contr\u00f4le de votre serveur<\/span><\/p>\n<p>Il est conseill\u00e9 de faire tourner plusieurs heures, l&#8217;outil memtest, pour tester tous les segments de la m\u00e9moire, de vos serveurs, avant leur mise en production.<\/p>\n<p><a title=\"Outil de test m\u00e9moire des futurs ESXi\" href=\"http:\/\/www.memtest.org\/\" target=\"_blank\">http:\/\/www.memtest.org\/<\/a><\/p>\n<p><a title=\"KB1003690\" href=\"http:\/\/kb.vmware.com\/selfservice\/microsites\/search.do?language=en_US&amp;cmd=displayKC&amp;externalId=1003690\" target=\"_blank\">http:\/\/kb.vmware.com\/selfservice\/microsites\/search.do?language=en_US&amp;cmd=displayKC&amp;externalId=1003690<\/a><\/p>\n<p>&#8212;&#8212;&#8212;&#8212;&#8212;&#8212;&#8212;&#8212;&#8212;&#8212;&#8212;&#8212;&#8212;&#8212;&#8212;&#8212;&#8212;&#8212;&#8212;&#8212;&#8212;&#8212;&#8212;&#8211;<\/p>\n<p>Conversion VHD vers VMDK et VMDK vers VHD<\/p>\n<p><a title=\"VHD to VMDK to VHD\" href=\"http:\/\/www.starwindsoftware.com\/converter\" target=\"_blank\">http:\/\/www.starwindsoftware.com\/converter<\/a><\/p>\n<p><a href=\"https:\/\/i0.wp.com\/www.virtualementvotre.ch\/blog\/wp-content\/uploads\/2014\/03\/starwind.png\"><img data-recalc-dims=\"1\" loading=\"lazy\" decoding=\"async\" class=\"alignnone size-full wp-image-401\" src=\"https:\/\/i0.wp.com\/www.virtualementvotre.ch\/blog\/wp-content\/uploads\/2014\/03\/starwind.png?resize=447%2C75\" alt=\"starwind\" width=\"447\" height=\"75\" srcset=\"https:\/\/i0.wp.com\/www.virtualementvotre.ch\/blog\/wp-content\/uploads\/2014\/03\/starwind.png?w=447&amp;ssl=1 447w, https:\/\/i0.wp.com\/www.virtualementvotre.ch\/blog\/wp-content\/uploads\/2014\/03\/starwind.png?resize=300%2C50&amp;ssl=1 300w\" sizes=\"auto, (max-width: 447px) 100vw, 447px\" \/><\/a><\/p>\n<p>&#8212;&#8212;&#8212;&#8212;&#8212;&#8212;&#8212;&#8212;&#8212;&#8212;&#8212;&#8212;&#8212;&#8212;&#8212;&#8212;&#8212;&#8212;&#8212;&#8212;&#8212;&#8212;&#8212;&#8211;<\/p>\n<p>L&#8217;outil d&#8217;analyse rapide d&#8217;une infrastructure <strong>RVTools<\/strong><\/p>\n<p><a title=\"RVTools\" href=\"http:\/\/www.robware.net\/\" target=\"_blank\">http:\/\/www.robware.net\/<\/a><\/p>\n<p><a href=\"https:\/\/i0.wp.com\/www.virtualementvotre.ch\/blog\/wp-content\/uploads\/2014\/03\/rvtools.png\"><img data-recalc-dims=\"1\" loading=\"lazy\" decoding=\"async\" class=\"alignnone size-full wp-image-402\" src=\"https:\/\/i0.wp.com\/www.virtualementvotre.ch\/blog\/wp-content\/uploads\/2014\/03\/rvtools.png?resize=187%2C58\" alt=\"rvtools\" width=\"187\" height=\"58\" \/><\/a><\/p>\n<p>&#8212;&#8212;&#8212;&#8212;&#8212;&#8212;&#8212;&#8212;&#8212;&#8212;&#8212;&#8212;&#8212;&#8212;&#8212;&#8212;&#8212;&#8212;&#8212;&#8212;&#8212;&#8212;&#8212;&#8211;<\/p>\n<p>Les <strong>flings<\/strong>, projet et solution de Lab propos\u00e9s par une communaut\u00e9, sous l&#8217;impulsion de VMware.<\/p>\n<p><a title=\"Les Flings de VMware\" href=\"https:\/\/labs.vmware.com\/flings\" target=\"_blank\">https:\/\/labs.vmware.com\/flings<\/a><\/p>\n<p><a href=\"https:\/\/i0.wp.com\/www.virtualementvotre.ch\/blog\/wp-content\/uploads\/2014\/03\/flings.png\"><img data-recalc-dims=\"1\" loading=\"lazy\" decoding=\"async\" class=\"alignnone size-full wp-image-403\" src=\"https:\/\/i0.wp.com\/www.virtualementvotre.ch\/blog\/wp-content\/uploads\/2014\/03\/flings.png?resize=214%2C47\" alt=\"flings\" width=\"214\" height=\"47\" \/><\/a><\/p>\n<p>&#8212;&#8212;&#8212;&#8212;&#8212;&#8212;&#8212;&#8212;&#8212;&#8212;&#8212;&#8212;&#8212;&#8212;&#8212;&#8212;&#8212;&#8212;&#8212;&#8212;&#8212;&#8212;&#8212;&#8211;<\/p>\n<p><strong>ESXi-customizer<\/strong> permet d&#8217;ajouter des drivers dans votre image sans passer par le Powershell de Image Builder<\/p>\n<p><a title=\"ESXi-Customizer\" href=\"http:\/\/www.v-front.de\/p\/esxi-customizer.html#download\" target=\"_blank\">http:\/\/www.v-front.de\/p\/esxi-customizer.html#download<\/a><\/p>\n<p><a href=\"https:\/\/i0.wp.com\/www.virtualementvotre.ch\/blog\/wp-content\/uploads\/2014\/03\/esxicustom.png\"><img data-recalc-dims=\"1\" loading=\"lazy\" decoding=\"async\" class=\"alignnone size-full wp-image-404\" src=\"https:\/\/i0.wp.com\/www.virtualementvotre.ch\/blog\/wp-content\/uploads\/2014\/03\/esxicustom.png?resize=185%2C63\" alt=\"esxicustom\" width=\"185\" height=\"63\" \/><\/a><\/p>\n<p>&#8212;&#8212;&#8212;&#8212;&#8212;&#8212;&#8212;&#8212;&#8212;&#8212;&#8212;&#8212;&#8212;&#8212;&#8212;&#8212;&#8212;&#8212;&#8212;&#8212;&#8212;&#8212;&#8212;&#8211;<\/p>\n<p><strong>FastSCP<\/strong> de Veeam<\/p>\n<p><a title=\"FastSCP\" href=\"http:\/\/www.veeam.com\/fr\/vmware-esxi-fastscp.html\" target=\"_blank\">http:\/\/www.veeam.com\/fr\/vmware-esxi-fastscp.html<\/a><\/p>\n<p><a href=\"https:\/\/i0.wp.com\/www.virtualementvotre.ch\/blog\/wp-content\/uploads\/2014\/03\/winscp.png\"><img data-recalc-dims=\"1\" loading=\"lazy\" decoding=\"async\" class=\"alignnone size-full wp-image-405\" src=\"https:\/\/i0.wp.com\/www.virtualementvotre.ch\/blog\/wp-content\/uploads\/2014\/03\/winscp.png?resize=226%2C58\" alt=\"winscp\" width=\"226\" height=\"58\" \/><\/a><\/p>\n<p>&#8212;&#8212;&#8212;&#8212;&#8212;&#8212;&#8212;&#8212;&#8212;&#8212;&#8212;&#8212;&#8212;&#8212;&#8212;&#8212;&#8212;&#8212;&#8212;&#8212;&#8212;&#8212;&#8212;&#8211;<\/p>\n<p><strong>Free ESXi host backup et restore utility\u00a0shogan.tech<\/strong><\/p>\n<p><a title=\"Free ESXi host backup\" href=\"http:\/\/www.shogan.co.uk\/vmware\/esxi-5-0-host-backup-restore-gui-utility-powercli-based\/\" target=\"_blank\">http:\/\/www.shogan.co.uk\/vmware\/esxi-5-0-host-backup-restore-gui-utility-powercli-based\/<\/a><\/p>\n<p>&#8212;&#8212;&#8212;&#8212;&#8212;&#8212;&#8212;&#8212;&#8212;&#8212;&#8212;&#8212;&#8212;&#8212;&#8212;&#8212;&#8212;&#8212;&#8212;&#8212;&#8212;&#8212;&#8212;&#8211;<\/p>\n<p><strong>SexiLog<br \/>\n<\/strong><\/p>\n<p>Outil de gestion des Log pour une infrastructure vSphere et c&#8217;est gratuit !<\/p>\n<p><a href=\"http:\/\/www.sexilog.fr\/quickstart\/\" target=\"_blank\">http:\/\/www.sexilog.fr\/quickstart\/<\/a><\/p>\n<p>&#8212;&#8212;&#8212;&#8212;&#8212;&#8212;&#8212;&#8212;&#8212;&#8212;&#8212;&#8212;&#8212;&#8212;&#8212;&#8212;&#8212;&#8212;&#8212;&#8212;&#8212;&#8212;&#8212;&#8211;<\/p>\n<p><strong>Hyper-V:<\/strong><\/p>\n<p>Outil d&#8217;aide \u00e0 la configuration des versions Core de Windows et la version Hyper-V Server.<\/p>\n<p><a title=\"CoreConfigurator 2.0\" href=\"http:\/\/coreconfig.codeplex.com\/\" target=\"_blank\">http:\/\/coreconfig.codeplex.com\/ \u00a0 =&gt; Windows 2008 R2<\/a><\/p>\n<p><a title=\"Corefig \" href=\"http:\/\/corefig.codeplex.com\/\" target=\"_blank\">http:\/\/corefig.codeplex.com\/\u00a0 =&gt; Windows 2012<\/a><\/p>\n","protected":false},"excerpt":{"rendered":"<p>Bonjour, Voici un inventaire d&#8217;outils gratuits tr\u00e8s pratiques: VMware: VMware Converter https:\/\/my.vmware.com\/web\/vmware\/evalcenter?p=converter Download CPU Identification Utility CPU Identification Utility Outil pratique pour connaitre la version de CPU de nos serveurs et les compatibilit\u00e9s. https:\/\/my.vmware.com\/web\/vmware\/details?productId=136&amp;downloadGroup=CPU%20Identification%20Utility Outils de contr\u00f4le de votre serveur Il est conseill\u00e9 de faire tourner plusieurs heures, l&#8217;outil memtest, pour tester tous les segments de la m\u00e9moire, de vos <a class=\"more-link\" href=\"https:\/\/www.virtualementvotre.ch\/blog\/tools\/\">Continue reading <span class=\"screen-reader-text\">  TOOLS<\/span><span class=\"meta-nav\">&rarr;<\/span><\/a><\/p>\n","protected":false},"author":1,"featured_media":0,"parent":0,"menu_order":0,"comment_status":"open","ping_status":"open","template":"","meta":{"jetpack_post_was_ever_published":false,"footnotes":""},"class_list":["post-372","page","type-page","status-publish","hentry"],"aioseo_notices":[],"jetpack_shortlink":"https:\/\/wp.me\/P4KzU1-60","jetpack-related-posts":[{"id":2,"url":"https:\/\/www.virtualementvotre.ch\/blog\/cedric-megroz\/","url_meta":{"origin":372,"position":0},"title":"BIO","author":"Cedric Megroz","date":"27\/03\/2012","format":false,"excerpt":"C\u00e9dric M\u00e9groz Team Leader pour l'\u00e9quipe datacenter de Bechtle Suisse Romande VMware vExpert 2012 - 2013 - 2014 - 2015 - 2016 - 2017 - 2018 Je travaille dans le monde de l\u2019IT, depuis une vingtaine d\u2019ann\u00e9es. J\u2019ai d\u00e9couvert la virtualisation d\u00e8s 2003, avec une des premi\u00e8res versions de VMware\u2026","rel":"","context":"Similar post","block_context":{"text":"Similar post","link":""},"img":{"alt_text":"VMW-LGO-VCP2-5","src":"https:\/\/i0.wp.com\/www.virtualementvotre.ch\/blog\/wp-content\/uploads\/2012\/03\/VMW-LGO-VCP2-5.png?resize=350%2C200","width":350,"height":200},"classes":[]},{"id":382,"url":"https:\/\/www.virtualementvotre.ch\/blog\/formations-et-labs\/","url_meta":{"origin":372,"position":1},"title":"FORMATIONS et LABS","author":"Cedric Megroz","date":"15\/03\/2014","format":false,"excerpt":"Bonjour, Voici l'inventaire des sites de formations et Labs. VMware: http:\/\/vmwarelearning.com\/ http:\/\/labs.hol.vmware.com http:\/\/vmwarewalkthroughs.com\/ http:\/\/mylearn.vmware.com\/mgrReg\/plan.cfm?plan=33611&ui=www_edu http:\/\/www.vmworld.com\/community\/sessions\/2014\/ ----------------------------------------------------------------------- Veeam: http:\/\/www.backupacademy.com\/ ----------------------------------------------------------------------- NetApp Lab on Demand: https:\/\/labondemand.netapp.com\/login.php\u00a0 => Lab on Demand Partner Only ----------------------------------------------------------------------- EMC: https:\/\/portal.demoemc.com\/reg-login\/login.html\u00a0 => vLab EMC Partner Only http:\/\/www.emc.com\/products\/interoperability\/topology-resource-center.htm ----------------------------------------------------------------------- Finalement un site de formation payant, mais tr\u00e8s complet pluralsight\u2026","rel":"","context":"Similar post","block_context":{"text":"Similar post","link":""},"img":{"alt_text":"HoL","src":"https:\/\/i0.wp.com\/www.virtualementvotre.ch\/blog\/wp-content\/uploads\/2014\/03\/HoL.png?resize=350%2C200","width":350,"height":200},"classes":[]}],"jetpack_sharing_enabled":true,"_links":{"self":[{"href":"https:\/\/www.virtualementvotre.ch\/blog\/wp-json\/wp\/v2\/pages\/372","targetHints":{"allow":["GET"]}}],"collection":[{"href":"https:\/\/www.virtualementvotre.ch\/blog\/wp-json\/wp\/v2\/pages"}],"about":[{"href":"https:\/\/www.virtualementvotre.ch\/blog\/wp-json\/wp\/v2\/types\/page"}],"author":[{"embeddable":true,"href":"https:\/\/www.virtualementvotre.ch\/blog\/wp-json\/wp\/v2\/users\/1"}],"replies":[{"embeddable":true,"href":"https:\/\/www.virtualementvotre.ch\/blog\/wp-json\/wp\/v2\/comments?post=372"}],"version-history":[{"count":15,"href":"https:\/\/www.virtualementvotre.ch\/blog\/wp-json\/wp\/v2\/pages\/372\/revisions"}],"predecessor-version":[{"id":947,"href":"https:\/\/www.virtualementvotre.ch\/blog\/wp-json\/wp\/v2\/pages\/372\/revisions\/947"}],"wp:attachment":[{"href":"https:\/\/www.virtualementvotre.ch\/blog\/wp-json\/wp\/v2\/media?parent=372"}],"curies":[{"name":"wp","href":"https:\/\/api.w.org\/{rel}","templated":true}]}}